*2. Let n = 78 + -72. What is d(n)?
-10
Let y be ((-70)/21)/((-1)/3). Let c = y + -2. Let i(j) = -10*j + 3*j**2 - 2*j**2 - 5 + 2*j. Give i(c).
-5
Suppose -139*p + 141*p = -12. Let g(w) = -w**3 - 5*w**2 + 2*w - 4. What is g(p)?
20
Let c(t) be the second derivative of -t**5/20 + t**4/4 + t**3 - 4*t**2 + 60*t - 2. What is c(5)?
-28
Let z(a) = a**3 - 6*a**2 - a - 2. Let j(i) = -7*i - 176. Let o be j(-26). Calculate z(o).
-8
Let m = -69 + 77. Suppose -u + 6 = -3*q + 2*u, q + m = 3*u. Let b(y) = -13*y**2. What is b(q)?
-13
Let t = -9 - -15. Suppose -2 = 2*j - t. Let m(l) = -17*l**2 + 3 + 8*l - 3*l + 16*l**j. Determine m(6).
-3
Let h = -20 + 25. Let x(u) be the third derivative of -u**4/24 + 11*u**3/6 - 87*u**2. What is x(h)?
6
Suppose 4*s + 4*l - 85 = -305, 4*l - 104 = 2*s. Let n = s + 58. Let t(w) = 8*w. Give t(n).
32
Let q(t) be the second derivative of 15*t + 1/2*t**2 + 0 + 1/6*t**3. Suppose -4*w + 25 = w. Calculate q(w).
6
Let x(v) = -v + 3. Suppose -5*p - f - 8 = -3*f, -2*f = -3*p - 8. Suppose -3*m + 31 = -w, 5*m + w - 41 = -p*w. Calculate x(m).
-6
Let m(z) = -2*z + 1. Let x = 1450 - 1445. Calculate m(x).
-9
Let x(j) = -j - 1 - j - 1 + j. Let y be x(-3). Let u(w) = 2*w**2 - 1. What is u(y)?
1
Let o(t) = -3*t**2 + 4541 - 4539 - 4*t + 2*t**2. Determine o(3).
-19
Let m(v) = 40*v - 13 - 74*v + 35*v - 6. Calculate m(15).
-4
Suppose -3*k + 4 = c - 13, 3*k - 5*c = -13. Let g(p) = -p - 4. Determine g(k).
-8
Suppose 2*y = -5*x + 16 + 7, 3*y = 2*x + 6. Let m(u) = -u**3 + 4*u**2 - 4*u + 1. Determine m(x).
-2
Let u(x) = 13*x - 6. Let y(s) = 24*s - 11. Let q(g) = 11*u(g) - 6*y(g). Suppose -h - 4*h = 45. Give q(h).
9
Let k(r) be the second derivative of -r**5/60 - 5*r**4/24 - 3*r**2/2 + 10*r. Let n(z) be the first derivative of k(z). Give n(-4).
4
Let d(n) = 5*n**3 - n**2 + 2. Let o(p) = 6*p**3 - p**2 + p + 3. Let v(l) = -4*d(l) + 3*o(l). Let m be v(-1). Let a(j) = -5 - j + m + 3. What is a(-1)?
0
Let k(w) = -w - 3*w + 10*w - w**2 + 2 - 5*w. What is k(-2)?
-4
Let y(w) be the first derivative of 3*w**2/2 + 7*w - 128. Let s be (-12)/(-10)*(-4 + -1). Determine y(s).
-11
Let p(l) = -13 + 11 - 6*l**2 + 0 - l**3. Let k be 10/(-1) + (-1 - 1). Let s be 8/3*27/k. Give p(s).
-2
Let a = -2 - -3. Let x = 18 + -14. Let k(n) = a + 1 + n - x + 1. Give k(-6).
-7
Let b be (-7)/9 - 4/18. Let x(f) = f**3 - 10*f**2 - 39*f + 2. Let y be x(13). Let i(j) = 0*j - j**y - 2*j**2 - 1 - 8*j + 6*j - j**3. Determine i(b).
-1
Let b(o) = -o - 13. Suppose 4*s - 7*c = -12*c - 28, 5*c = -5*s - 40. Determine b(s).
-1
Suppose -4*r + 0 = -28. Let p(m) = 177*m**2 - 7*m - 7. Let s(l) = -101*l**2 + 3*l + 3. Let d(b) = 4*p(b) + 7*s(b). Give d(r).
-7
Let a(s) = -s. Let p(m) = -m**3 + 12*m**2 + 12*m + 15. Let h be p(13). Suppose -h*w - 10 = 0, -4*u + 12 + 38 = -2*w. What is a(u)?
-10
Let p(d) = 5*d**3 - 2*d - 7 - 5 - 5 - 14*d**3. Let m(v) = 4*v**3 + v + 8. Let c = -17 + 10. Let z(x) = c*m(x) - 3*p(x). Give z(0).
-5
Let b(q) = 4*q - 39. Let w(y) = 5*y - 53. Let z(f) = 4*b(f) - 3*w(f). Suppose 0 = -7*a + 3*a. Give z(a).
3
Let n(y) = -3*y - 1. Let z be 6*(-4 + -6*(-21)/27). Calculate n(z).
-13
Let b(j) = 5*j - 8. Let x(f) be the second derivative of -11*f**3/6 + 17*f**2/2 - 45*f. Let a(l) = 13*b(l) + 6*x(l). Give a(-3).
1
Let f(i) = 3*i - 237 - 4*i + 238 + 0*i + 2*i**2. Let c(u) = -u**2 + 6*u + 2. Let n be c(6). Suppose -4*g + 0*x = 3*x + 1, -4*g - 2*x = -n. Calculate f(g).
7
Suppose -24 = -64*f - 88. Let q(n) = -6*n**2 + n. Give q(f).
-7
Let l(x) = -6*x**3 - 9*x**2 - 7*x + 7. Let z(v) = -5*v**3 - 8*v**2 - 6*v + 6. Let r(q) = 6*l(q) - 7*z(q). Calculate r(2).
0
Let k(j) = -12*j - 77. Let a(w) = 10*w + 33. Let d be a(-4). Calculate k(d).
7
Let j = -145 - -142. Let z(s) = -2*s - 4*s + 7*s + 7 + 0. What is z(j)?
4
Let w(c) = c - 5. Suppose 6*x - 11*x + 20 = 0. Calculate w(x).
-1
Let r(k) = 8 - 303*k**2 + 616*k**2 - 312*k**2 - 11*k. Determine r(5).
-22
Let i(r) = 2*r**3 + r**2 + 2*r + 1. Let d be (-12)/9 + 160/48. Determine i(d).
25
Suppose k = -0*k - 1. Let z be (-2 - -7 - 3)/k. Let u(r) = -4*r - 7. Let t(s) = -3*s - 5. Let v(a) = -7*t(a) + 5*u(a). Give v(z).
-2
Suppose -2*z = y, -5*y - z - 27 = -0*z. Let n be (y/3)/(1/2). Let c(i) = 2*i**2 - 6*i - 2 + 0*i**2 - 4*i**2. Calculate c(n).
-10
Let w(n) = 9*n - 1. Let m(k) = 11*k. Let b(h) = -4*m(h) + 5*w(h). Let v = -25 + 31. Give b(v).
1
Let o(p) = -p**2 - 5*p - 3. Let m be o(-3). Let y(d) be the second derivative of -2/3*d**3 + 1/6*d**4 + 2*d + 0*d**2 + 0. What is y(m)?
6
Let r(v) = 5*v**2 + 2. Let f(q) = -2 + 2 + q + 11*q**2 + 4. Suppose -2 - 2 = -o, 3*y + 2*o - 20 = 0. Let z(w) = y*f(w) - 9*r(w). Determine z(5).
-7
Let b(r) = r - 5. Let m(v) = 6*v**3 - v**2 - 5*v - 3. Let d be m(2). Suppose -d + 23 = -o. Give b(o).
3
Suppose 9 = 4*g + j, 4*g + 2*j = -0*g + 6. Let p(w) = g*w**2 - 5*w + 6 + 2*w**2 + 0*w - 3*w**2. Calculate p(4).
18
Let n(s) = -15 + 19 - s + 1. What is n(8)?
-3
Let n(x) = 5*x + 2. Let g(r) = -r**3 + 16*r**2 - r + 22. Let k be g(16). Let i be k - 6 - (-12)/(-3) - -1. Give n(i).
-13
Suppose 0*i + 145 = 5*i. Suppose 5*w - i = -4. Let v(t) = t**3 - 7*t**2 + 6*t + 3. What is v(w)?
-17
Let h(p) be the second derivative of 3/2*p**2 - 3*p + 1 - 1/6*p**3. Let b = -1 - -1. Calculate h(b).
3
Suppose 14*x + 2555 = 2597. Let i(h) be the first derivative of h**4 - h**2 + 13 + h + 1/3*h**x. What is i(1)?
4
Let k = 441 - 444. Let t be 0*1/2*-1. Let i(j) = j + 2*j**2 - 1 + t*j + 2*j. Give i(k).
8
Suppose -81*b = -86*b + 25. Let k(z) be the third derivative of -1/60*z**b + 0 - 7/24*z**4 + 7*z**2 + 0*z + 1/6*z**3. What is k(-3)?
13
Let d(o) = -3*o**2 - 5*o - 2. Suppose -5 = 6*g - 11*g - 4*m, -3*g = -5*m + 34. Determine d(g).
-14
Suppose 6 = 14*d - 50. Let j(v) = -v**3 + 5*v**2 - 2*v - 4. Calculate j(d).
4
Let h(c) = c**2 - 11*c + 5. Let b = 1272 + -1265. Calculate h(b).
-23
Let n(w) be the first derivative of w**4/4 - 2*w**3/3 - 3*w**2/2 - 4*w + 15. Suppose 7*k - 2*k - 40 = 0. Let t = 11 - k. Calculate n(t).
-4
Let w(c) be the first derivative of -c**2/2 + 6*c + 130. Calculate w(0).
6
Let h(w) = w - 4. Let r(g) = 5*g - 17. Suppose 7*m = 2*m - 60. Let c be 2 - (m/(-3) + 0). Let t(j) = c*r(j) + 9*h(j). Give t(4).
-6
Let s(b) = b**2 + 2*b + 3. Let j = -958 - -958. Calculate s(j).
3
Let g = 572 - 569. Let p(h) = -h**2 + 2*h + 1. Calculate p(g).
-2
Let h(x) be the first derivative of 2 - 3/2*x**2 + 6*x + 1/3*x**3. Let j = 516 - 512. Calculate h(j).
10
Let x = 59 - 52. Let f(m) = -7 - 2*m - 56*m**3 - x*m**2 + 27*m**3 + 28*m**3. Determine f(-7).
7
Let d be (1/2)/(7/378). Suppose -2*u + d = u. Let a(w) = w**3 - 9*w**2 - 2*w + 11. Give a(u).
-7
Suppose -103 = -26*p - 675. Let u(j) = j**3 + 23*j**2 + 23*j + 17. What is u(p)?
-5
Let d be (1 + -3)*(-6 - (-88)/11). Let i(c) = -c**3 - 3*c**2 + 3*c - 5. Calculate i(d).
-1
Let o(d) be the third derivative of 1/6*d**4 + 0 + 5*d**2 - 1/120*d**6 + 1/20*d**5 + 0*d + 0*d**3. Suppose -5*k = -3*r, k - 23 = -2*r - 2*r. Give o(k).
12
Suppose 15*o - 2*p = 17*o - 10, 4*p = 0. Let r(d) = d**2 - 5*d - 10. Calculate r(o).
-10
Let q(m) = m**3 - 11*m**2 + 11*m - 7. Suppose -42 + 2 = -4*h. Let d be q(h). Suppose -3*s + 0 = d. Let x(k) = -k**2 + k. Give x(s).
-2
Let f = 15 - 6. Suppose f*q = 4*q + 10. Suppose 4*z - d = -6*d - 41, 2*z + 18 = -q*d. Let i(b) = -b**3 - 3*b**2 + 3*b - 5. What is i(z)?
-1
Let f(n) = 5*n**3 - 2*n**2 + 5*n - 7. Let w(j) = -4*j**3 + j**2 - 5*j + 6. Let t = -8 - -13. Let s(v) = t*f(v) + 6*w(v). Determine s(5).
1
Let k be -1*3 - (-1 + 1). Let z(p) = -3 + 0*p**2 + 6*p**2 - p - 6*p**2 - 5*p - p**2. Give z(k).
6
Let z(t) = t + 15. Let a(b) = 2. Let k(d) = 14*a(d) - 2*z(d). Determine k(7).
-16
Let d(w) be the third derivative of 1/3*w**4 + 0 - 1/120*w**6 - 5/3*w**3 + 1/10*w**5 + 0*w + 23*w**2. Give d(7).
-3
Let b(f) = -f**2 + f. Let o(s) = s**2 + 8*s + 10. Let r be o(-7). Suppose 3*g = -4*m - 14, r*g - 31 = 6*m - m. Suppose -g = -2*l + 2. Calculate b(l).
-2
Suppose -3*n + 42 = -0*n. Let j = 10 - n. Let b(m) = -4 + 2*m + 5 + 5*m - 5*m. Determine b(j).
-7
Let s(f) = 2*f**2 - 44*f + 138. Let r be s(18). Let q(u) = 3*u + 23. What is q(r)?
5
Let z(l) = -l**3 - 4*l**2 - 4*l - 3. Let b be ((-240)/200)/(6/20). What is z(b)?
13
Suppose -65 = -4*p - p. Suppose p*j = 10*j - 9. Let r(m) = -m**3 - 2*m**2 + 2*m + 3. Calculate r(j).
6
Sup